ded by 17?
14
What is the remainder when 4720401 is divided by 6083?
6076
What is the remainder when 11864420 is divided by 697906?
18
What is the remainder when 3718293 is divided by 360?
213
Calculate the remainder when 76538056 is divided by 38269023.
10
Calculate the remainder when 107931334 is divided by 248.
246
What is the remainder when 5163351 is divided by 5163297?
54
What is the remainder when 6707603 is divided by 6707601?
2
What is the remainder when 9144 is divided by 103?
80
Calculate the remainder when 157939 is divided by 511.
40
What is the remainder when 513265702 is divided by 129?
115
What is the remainder when 83480 is divided by 11022?
6326
What is the remainder when 43427702 is divided by 384?
374
What is the remainder when 15347532 is divided by 1534746?
72
Calculate the remainder when 5983975 is divided by 65.
10
Calculate the remainder when 6223181 is divided by 418.
415
What is the remainder when 18903214 is divided by 27758?
16
What is the remainder when 16861113 is divided by 1430?
1413
Calculate the remainder when 55004371 is divided by 6428.
6403
What is the remainder when 93102 is divided by 3204?
186
What is the remainder when 1168121 is divided by 2136?
1865
Calculate the remainder when 1808149 is divided by 139082.
83
Calculate the remainder when 8938732 is divided by 31.
6
Calculate the remainder when 49388 is divided by 12288.
236
What is the remainder when 1108988 is divided by 32?
28
What is the remainder when 1376442 is divided by 5692?
4670
Calculate the remainder when 206061 is divided by 102384.
1293
What is the remainder when 447396 is divided by 7216?
4
Calculate the remainder when 29766824 is divided by 5953359.
29
What is the remainder when 3281461 is divided by 2922?
55
Calculate the remainder when 69481151 is divided by 351.
350
What is the remainder when 495026 is divided by 3139?
2203
Calculate the remainder when 248120 is divided by 82522.
554
What is the remainder when 2880757 is divided by 4950?
4807
What is the remainder when 5957011 is divided by 11500?
11
What is the remainder when 293849772 is divided by 3775?
3772
Calculate the remainder when 4861721 is divided by 126.
11
Calculate the remainder when 116656759 is divided by 13.
11
What is the remainder when 326375 is divided by 162836?
703
What is the remainder when 83569120 is divided by 95?
90
What is the remainder when 18531 is divided by 75?
6
Calculate the remainder when 2103338 is divided by 346.
4
Calculate the remainder when 32658794 is divided by 5558.
5544
What is the remainder when 29776465 is divided by 161?
159
What is the remainder when 243029 is divided by 242979?
50
What is the remainder when 12004212 is divided by 10260?
12
What is the remainder when 58671 is divided by 1784?
1583
Calculate the remainder when 82260141 is divided by 4247.
4245
What is the remainder when 133402011 is divided by 155?
21
Calculate the remainder when 90993889 is divided by 231.
217
What is the remainder when 1970166 is divided by 63553?
23
Calculate the remainder when 5924404 is divided by 31346.
10
Calculate the remainder when 722099 is divided by 13355.
929
Calculate the remainder when 4766 is divided by 986.
822
What is the remainder when 18822319 is divided by 586?
585
What is the remainder when 3013088 is divided by 375?
338
Calculate the remainder when 83341892 is divided by 267.
245
What is the remainder when 23179 is divided by 202?
151
What is the remainder when 21053106 is divided by 5401?
8
Calculate the remainder when 27859 is divided by 391.
98
Calculate the remainder when 12057206 is divided by 59.
25
Calculate the remainder when 682068 is divided by 19486.
58
Calculate the remainder when 81031101 is divided by 704.
701
What is the remainder when 27836953 is divided by 713768?
1
What is the remainder when 19345050 is divided by 1153?
16
Calculate the remainder when 283063 is divided by 6902.
81
Calculate the remainder when 43765150 is divided by 1362.
4
What is the remainder when 37602 is divided by 1773?
369
Calculate the remainder when 254986 is divided by 16999.
1
What is the remainder when 102702 is divided by 3510?
912
Calculate the remainder when 15040695 is divided by 237.
201
Calculate the remainder when 669185 is divided by 57.
5
What is the remainder when 80188131 is divided by 26729347?
90
Calculate the remainder when 15656845 is divided by 77.
50
Calculate the remainder when 61355 is divided by 16989.
10388
Calculate the remainder when 142812492 is divided by 66.
42
Calculate the remainder when 1525631 is divided by 6227.
16
Calculate the remainder when 764989 is divided by 19089.
1429
What is the remainder when 803803 is divided by 201?
4
What is the remainder when 91896 is divided by 1845?
1491
What is the remainder when 65160 is divided by 1510?
230
What is the remainder when 355887619 is divided by 59?
32
What is the remainder when 8325 is divided by 376?
53
Calculate the remainder when 1769063 is divided by 7278.
509
Calculate the remainder when 19712563 is divided by 7807.
7695
Calculate the remainder when 953529 is divided by 1374.
1347
Calculate the remainder when 7450658 is divided by 1153.
1125
What is the remainder when 252100 is divided by 3737?
1721
Calculate the remainder when 13605928 is divided by 79.
74
Calculate the remainder when 4219925 is divided by 12.
5
Calculate the remainder when 275932 is divided by 68797.
744
What is the remainder when 16010260 is divided by 47089?
0
What is the remainder when 101786053 is divided by 295032?
13
Calculate the remainder when 4698700 is divided by 4698694.
6
What is the remainder when 45584 is divided by 7592?
32
Calculate the remainder when 149956 is divided by 20233.
8325
What is the remainder when 7711870 is divided by 625?
620
Calculate the remainder when 1608612 is divided by 651.
642
What is the remainder when 215380 is divided by 186?
178
Calculate the remainder when 7962678 is divided by 7962674.
4
Calculate the remainder when 8556297 is divided by 24034.
193
What is the remainder when 73147 is divided by 2011?
751
What is the remainder when 219371202 is divided by 209?
204
Calculate the remainder when 2674974 is divided by 4399.
382
What is the remainder when 674417 is divided by 167?
71
Calculate the remainder when 32632 is divided by 32160.
472
What is the remainder when 11676576 is divided by 566?
562
What is the remainder when 926492 is divided by 308779?
155
Calculate the remainder when 89225 is divided by 171.
134
What is the remainder when 4261983 is divided by 86?
81
What is the remainder when 183443837 is divided by 820?
817
Calculate the remainder when 2348741 is divided by 484.
373
What is the remainder when 78413057 is divided by 7?
2
What is the remainder when 19347501 is divided by 86?
81
Calculate the remainder when 169820 is divided by 1201.
479
What is the remainder when 113291 is divided by 2107?
1620
Calculate the remainder when 425736 is divided by 141772.
420
Calculate the remainder when 728917 is divided by 19700.
17
What is the remainder when 657013 is divided by 4660?
4613
Calculate the remainder when 3817898 is divided by 103.
100
Calculate the remainder when 3183122 is divided by 566.
504
What is the remainder when 1800044 is divided by 339?
293
Calculate the remainder when 113366899 is divided by 4325.
4324
What is the remainder when 21991577 is divided by 205?
202
Calculate the remainder when 20531365 is divided by 32435.
10
What is the remainder when 1989569 is divided by 26?
23
Calculate the remainder when 2500921 is divided by 579.
220
What is the remainder when 45077701 is divided by 413?
403
Calculate the remainder when 309796091 is divided by 52.
7
Calculate the remainder when 1592545 is divided by 530784.
193
Calculate the remainder when 101146857 is divided by 23.
10
Calculate the remainder when 41366 is divided by 2954.
10
Calculate the remainder when 163832 is divided by 1323.
1103
What is the remainder when 60815166 is divided by 61?
57
Calculate the remainder when 3357989 is divided by 685.
119
Calculate the remainder when 7771110 is divided by 1089.
6
What is the remainder when 431963 is divided by 129?
71
What is the remainder when 7585326 is divided by 34?
28
Calculate the remainder when 31351326 is d